- (1 + -13)).
-3
What is (-6 - -3) + 6 + -7 - 5?
-9
Calculate -8 + 3 + (7 - 3) - -4.
3
0 - (-5 + 6 - (-2 - -1))
-2
What is 6 + -1 + 7 + (-20 - -13)?
5
What is the value of -2 + -2 - (-10 + 18 + -2)?
-10
What is the value of (-2 - -4) + (2 - -2 - 7)?
-1
(-8 - -17) + -5 + -3
1
What is (1 - -5) + -7 + 6?
5
What is the value of (-2 - 0) + (4 + 1 - 3)?
0
Calculate 2 - (1 + (0 + 5 - 1)).
-3
Calculate (-8 - -1) + 6 + -13 + 11.
-3
Calculate 4 + 1 - (9 + (-23 - -22)).
-3
Evaluate 4 + -3 + 8 + 1.
10
Calculate -9 + -3 + 15 - (5 + 0).
-2
Calculate 3 - (9 - 5 - (1 + 1)).
1
What is -36 + 49 + (-6 - -1) + -18?
-10
What is 0 + (3 + (0 - -1) - 1)?
3
(-10 - -8 - (-1 + 1)) + 2
0
What is the value of -4 + 4 - (-1 + 1)?
0
What is the value of (-16 - (-8 - -3)) + 5?
-6
What is the value of 3 + (-3 - -1) + -15 + 25?
11
Evaluate 2 + (-14 - -1) + 6.
-5
What is the value of -51 + 35 + (13 - 2)?
-5
Evaluate -2 + (-13 + 20 - (11 - 0)).
-6
What is the value of 12 + 11 + -21 - 7?
-5
Evaluate -7 - (9 + -9) - (-2 + 4).
-9
What is 3 - 2 - (-4 + 1)?
4
What is (4 - 5) + 1 + (9 - 4)?
5
What is the value of (-3 - -7) + 1 + 0 + -1?
4
Calculate 9 + (-5 - (-11 - -7)) + -3.
5
What is (2 - 0) + 1 + -7 + 4?
0
Evaluate -4 + (-8 - (3 + -6)).
-9
(-2 - -12) + -10 - 3
-3
What is the value of 4 - (-4 - 3 - 1 - -17)?
-5
Calculate (-30 - -29) + 3 + 2 + -1.
3
(-7 - (-1 - -4)) + 8
-2
What is 1 + 4 + (-4 - 4) + 3?
0
What is 5 - 2 - (2 - 3)?
4
Evaluate 1 + (-2 - -6 - 0) + -8.
-3
What is -2 - (7 + (1 - 5))?
-5
Evaluate 6 + 3 + (-6 - -1).
4
Calculate -7 - -1 - ((8 - 8) + -3).
-3
3 + (-5 + 3 - (1 + 6))
-6
What is the value of (-1 - -10) + (11 - 27)?
-7
What is 6 + 3 + -5 + -4?
0
What is the value of 2 - (0 + 4 + -2 - -3)?
-3
What is -78 + 72 + (1 + 1 - 2)?
-6
What is 11 - (14 - (6 + -7))?
-4
Calculate 10 - -5 - (-7 - -20).
2
What is the value of -2 + 1 - (-8 + 12)?
-5
Calculate (-5 - -3) + 2 - -1.
1
Calculate 13 + 0 - (-356 - -365).
4
Calculate 2 + 0 - (22 + -15) - -2.
-3
What is (5 - 2) + (2 - 5)?
0
-4 + 13 - (5 - 1)
5
(4 - (-3 - -1)) + -1 + -1
4
Calculate (-5 - 0) + 12 - 4.
3
What is the value of -13 - (-19 + -7 + 16)?
-3
Evaluate 0 + 1 + 1 + (78 - 77).
3
Evaluate -10 - (-9 + (0 - 1)).
0
What is -1 - ((3 - -2) + 0)?
-6
What is -4 - (-9 + (5 - 1))?
1
What is -3 - (0 - (-4 - -8 - 6))?
-5
What is the value of 2 + 0 + (4 - (5 + 0))?
1
Evaluate 10 - (4 + -4) - 2.
8
Evaluate (1 - (8 - 7)) + 6.
6
Evaluate 1 + -2 + (-21 - -13 - -14).
5
6 + (7 - -1) + -14
0
-12 + 4 - -4 - (-10 - -9)
-3
Calculate (9 - 15) + (11 - (-2 - -2)).
5
Evaluate -4 + -2 + 9 + -1 + 0.
2
What is 9 + -2 - (-2 - -6) - 7?
-4
What is -2 - -2 - (-11 - -10)?
1
What is 2 + 2 - (-3 - 1)?
8
Calculate -12 + 14 + 0 + 1.
3
3 + (9 - (14 + -5))
3
Calculate -2 + 1 - (-11 + 4).
6
Calculate (7 - 4) + (3 - 3).
3
Evaluate (13 - (-1 + 7)) + -7.
0
Evaluate -4 - (7 + -1 - (9 - 4)).
-5
What is 2 + -5 - (19 + -31)?
9
Calculate 6 - 1 - (2 - -7).
-4
Calculate 3 + (-3 - (3 - 3 - -1)).
-1
3 + -11 + 4 + 2 + -1
-3
0 + (-3 - -2 - -5)
4
Calculate (-4 - -1) + 0 + (0 - -5).
2
What is 1 - ((9 - 1) + (-1 - 2))?
-4
Evaluate (1 - -3) + (2 - 3) + -1.
2
1 - 1 - ((-2 - 0) + 4)
-2
What is -8 + (1 - (-8 - -5))?
-4
-1 + (0 - 6 - -5) - -2
0
Calculate (4 - -9 - 10) + -2.
1
What is 2 - 13 - (-17 + 8)?
-2
5 + -10 + 6 + -6
-5
Evaluate 1 - (1 - (2 - -1)) - -2.
5
What is -1 - ((-5 - -5) + -7 - 0)?
6
What is the value of -2 - (-2 - (-2 + 3) - 4)?
5
Calculate -7 + (6 - (2 + 1)).
-4
(-7 - -2) + 9 + -1
3
Evaluate -29 - -34 - (2 - -4).
-1
Evaluate 1 + 3 + 2 + -3.
3
Calculate -4 - -16 - (-15 + 19).
8
What is 4 + -6 - 4 - (-2 - -2)?
-6
What is the value of 0 + 4 + -7 - (1 - 8)?
4
What is the value of -3 - (-3 + 3 + -1 + -1)?
-1
What is the value of 26 + -34 - (-4 - -2)?
-6
Calculate 0 - -1 - (3 + 5 + -10).
3
What is the value of 5 + (-5 - (3 - 7))?
4
(0 - (-9 - -9)) + -5
-5
What is -8 + 4 + 0 + -1 + 5?
0
What is the value of -44 + 43 - (1 + -1 - 6)?
5
5 + (-8 - -9) + -2
4
What is 0 - 1 - 0 - (-6 - 0)?
5
Evaluate -15 + 10 - (-2 - 2) - -5.
4
What is (0 + -11 - -3) + (4 - -2)?
-2
Evaluate 4 + (-3 - (4 + -2)) - -1.
0
What is the value of 0 - 2 - (4 + -4 + -1)?
-1
2 + -3 - -5 - 8
-4
What is the value of -8 - (5 + -3 + -7)?
-3
What is -7 - (-15 + 1) - 2?
5
Calculate -12 - (10 - 34) - 4.
8
What is 0 - (-2 + 3 - 0 - 1)?
0
Evaluate (-2 - 5) + 18 + (-10 - -2).
3
Evaluate (7 - 13) + -4 + 13.
3
What is the value of (1 - 1) + 5 - 7?
-2
Calculate (-10 - -4) + (1 - -1).
-4
Evaluate 0 - (-2 + (-9 - -9)).
2
Calculate 6 - (0 + -1 + 3).
4
What is -13 + 20 + (-2 - 1)?
4
What is the value of (-119 - -110) + (2 - 0)?
-7
3 - (2 - 0 - -2)
-1
-2 + (0 + 2 - 1)
-1
Evaluate (2 + 0 - 0) + 0.
2
Calculate 4 - (-3 - -10 - (-1 + 7)).
3
What is (1 - (10 + -5)) + -4 - -4?
-4
Calculate 0 - -2 - -3 - (0 - 0).
5
Evaluate (5 - -1 - (-2 + 2)) + -1.
5
15 - (13 - -2 - 10)
10
Calculate -9 + (-16 - -2) + 31.
8
What is the value of (-1 - (-4 + 6)) + 5?
2
What is the value of 3 + -11 - (-11 - (-17 - -9))?
-5
What is 11 + (-7 - -14 - 2) + -10?
6
Evaluate (0 - 1) + (4 - (11 - 1)).
-7
19 + -13 + -11 - -7
2
(1 - 5) + (-1 - (-10 + 12))
-7
Calculate 5 - (-6 + 12 + 5).
-6
-3 - (0 + -1 + -4 + -3)
5
What is the value of 1 - (2 + -1) - (2 - -2)?
-4
Calculate -2 + (2 - (-1 + -1 - -3)).
-1
0 + -6 - (-6 + (2 - -1))
-3
What is the value of 1 + 2 + -2 + (23 - 17)?
7
What is the value of ((2 - 2) + 1 - -2) + -5?
-2
What is -1 - -8 - (11 + -11)?
7
Calculate (3 - 0) + -4 - -2.
1
What is (-7 - 0) + -10 + 12?
-5
Evaluate 66 - 67 - (-5 + 0).
4
Calculate 2 - 6 - -3 - 2 - 7.
-10
What is the value of -12 + 6 + 2 + 0 - 0?
-4
-2 + (-15 - -16) + (1 - 1)
-1
What is the value of -2 - 13 - (-42 + 36)?
-9
What is (-1 - -1) + (-10 - -8) - -5?
3
Evaluate 0 - 0 - (-6 - -4).
2
-11 + 14 + (-4 - -4)
3
Evaluate -7 + 4 + 1 + 1 + 0.
-1
Evaluate (5 - -3 - (0 - -6)) + 2.
4
Calculate 3 - 0 - 2 - -2.
3
What is 2 + 8 + 10 + -19?
1
Calculate (-12 - -17) + 3 + -2.
6
(4 - 8) + -7 - (5 + -8)
-8
What is the value of -5 + 0 + (32 - 27)?
0
What is the value of 0 + 4 - 8 - -9?
5
Calculate (0 - -3) + (-1 - -14 - 14).
2
-6 + 8 + 1 + -7
-4
3 - (0 + 11 + -6)
-2
What is -2 + -2 + -4 + 7?
-1
What is -3 - -3 - 3 - 0 - -7?
4
What is the value of -7 + -5 + 10 + -3?
-5
Evaluate -11 + (-3 + 6 - -4).
-4
What is the value of 0 + (5 - 8 - (1 - 1))?
-3
Evaluate 5 - 1 - (2 + 7).
-5
What is -6 + 2 + (-5 - -7) + 5?
3
What is the value of -2 + (-6 - (-6 + 3))?
-5
What is the value of -10 - -6 - (-1 - 2)?
-1
What is the value of -8 + 10 + (-1 - 5) + 2?
-2
What is -6 - 7 - -4 - (-5 + 0)?
-4
-10 + 7 + -1 - -12
8
Calculate 5 - (30 + -14) - -5.
-6
Evaluate (-2 - (0 - 3)) + 3 + 1.
5
Calculate (42 - 43) + 5 + 0.
4
Calculate -7 + 1 - (0 + -3).
-3
Calculate -7 - 2 - (124 + -132).
-1
Calculate 3 + (-2 + 4 - 0).
5
Calculate -1 + (-4 + 1 - -5 - 5).
-4
Evaluate (5 - 2) + -5 + -3.
-5
What is -4 + 2 + (-5 - -2 - -2)?
-3
-7 - (-2 - 0) - -1
-4
Calculate 2 + -4 + (4 - -2).
4
Calculate (5 - (6 + -6)) + -7.
-2
2 + 0 + (-3 + 5 - 5)
-1
Calculate -6 + 1 + 1 + (-3 - -5).
-2
Evaluate -4 + (5 - 3 - 0).
-2
Calculate 5 - 2 - (5 + (-5 - -1)).
2
Evaluate 1 + 0 + (-2 - 1).
-2
Calculate 6 + -7 + (7 - 4).
2
Calculate -8 - (0 + -5 + -11 + 8).
0
2 + -1 + 10 + -14
-3
-2 - (-2 + (-3 - (-4 + 1)))
0
What is the value of -202 + 193 + (1 + 5 - -2)?
-1
What is the value of -8 + 16 - 4 - (-1 + -5)?
10
3 + -3 + (3 - 3) + 1
1
Calculate (7 - (0 - (-17 - -7))) + -4.
-7
Calculate (5 - -1 - (17 + -5)) + 10.
4
Evaluate 5 + (-2 + -2 - 4).
-3
Evaluate 2 - 0 - (-41 + 42).
1
-3 - (-10 + 3 - -6) - 1
-3
Calculate (5 - 3 - -3) + 0.
5
Evaluate -1 + (-6 - (-16 + 7)).
2
Evaluate 11 + -15 + 1 + 8.
5
What is -4 + (-2 - (5 + -17)) + -1?
5
Calculate 3 + -3 + (-13 - -2) + 2.
-9
What is the value of 5 - (0 - 1 - -2)?
4
What is -5 + 1 + 0 + 3 + -1?
-2
Evaluate -10 - (3 - (-3 - -16)).
0
What is the value of 0 - 3 - (-9 + 3 + 7)?
-4
What is the value of 9 + (-15 + 6 - -4)?
4
Calculate 0 + -7 + (11 - -6) + -5.
5
What is 0 + -4 + (-7 + 3 - -4)?
-4
What is the value of 3 + 8 + (-6 - -2) - 4?
3
-3 + 3 + -10 + 6
-4
What is the value of -2 - (10 + -9 - (-1 + -1))?
-5
Calculate -3 - (-3 - (-5 + 0 + 7)).
2
What is (-1 + -9 - (-3 - 0)) + 3?
-4
Evaluate 0 - ((3 - -2) + -7) - 1.
1
What is the value of -10 + (2 - (2 + -9))?
-1
Calculate 1 + -1 + -3 + 2.
-1
Evaluate (-7 + 4 - (-1 + 1)